divisor of d and 32?
8
Let h(v) be the first derivative of v**3/3 + 3*v**2/2 + 2*v - 3. Let z be h(-8). Calculate the highest common factor of z and 14.
14
Suppose 3*r + 3*k = 5*k + 26, -5*r - 3*k = -56. What is the highest common factor of 10 and r?
10
Let i = -7 + 5. Let x be (-1 - i)*(-2 - -11). Calculate the greatest common divisor of 9 and x.
9
Suppose -5 = -t - 5*h, 3*t + h + 4*h + 5 = 0. Let u be (-2)/t*(-5 + 25). Calculate the greatest common divisor of u and 56.
8
Let h(b) = 10*b + 12. Let m be h(8). Calculate the highest common divisor of 23 and m.
23
Suppose 5*p + 45 = 3*q + 3*p, -5*q + 2*p + 79 = 0. Calculate the greatest common factor of 119 and q.
17
Let u be 2/(0 - (-2)/4). Let p be ((-5)/4)/(5/(480/(-6))). Calculate the highest common factor of p and u.
4
Suppose 0*t - 5 = -3*t + g, -4*t + g + 7 = 0. Suppose -3*s = 5*k - 47, 0*s - t = 2*s. What is the highest common divisor of 10 and k?
10
Suppose -5*m + 2*o = -124, -3*m = -o - 4*o - 82. Suppose -2*i = -0*x - 5*x - 62, -3*x = -3*i + 102. What is the highest common divisor of m and i?
12
Let f be 6*(-1)/2 - -7. Let t(q) = q**3 - 3*q**2 - 3*q + 4. Let s be t(f). Let a = s - 1. What is the greatest common factor of a and 35?
7
Suppose -5 + 11 = 3*p. Calculate the highest common factor of 5 and p.
1
Let c = -9 - -2. Suppose 0 = -5*m + m - 8. Let x be (-198)/c - m/(-7). Calculate the highest common factor of x and 14.
14
Let y = -3 - -4. What is the highest common factor of y and 8?
1
Let q be -9*(-7)/147 + 302/14. Let j(u) = u**3 - 1. Let n be j(1). Suppose -3*t = -n*t - 165. What is the greatest common divisor of q and t?
11
Suppose -11 = -4*y + 5. Let g(x) = -3*x + 1. Let n be g(-9). What is the greatest common divisor of y and n?
4
Let t be (0 - (-5)/(-2))*-2. Let k(a) = -a + 7. Let u be k(5). Suppose -y = 4*l + l - 204, 4*l + u*y = 168. Calculate the highest common divisor of t and l.
5
Suppose 0 = 2*y - 2*p + 4*p - 410, -4*p = 3*y - 617. What is the highest common divisor of y and 29?
29
Suppose -2*f + 71 = -f. Let p = 116 - f. What is the highest common divisor of p and 9?
9
Suppose 4*w - 2*m = 748, -w - 3*m + m + 197 = 0. What is the greatest common factor of 21 and w?
21
Suppose -10*u = -9*u - 44. Calculate the highest common divisor of u and 88.
44
Let v(t) be the first derivative of t**4/4 - 7*t**3/3 + 9*t**2/2 - 4*t - 4. Let h be v(6). Calculate the greatest common factor of 56 and h.
14
Suppose 0 = 5*p - 4*p + 7. Let u(c) = -2*c**2 + 13*c**2 + 2*c**3 + 3*c**3 + 5*c - 4*c**3 + 4. Let w be u(p). What is the greatest common divisor of 15 and w?
15
Let m(h) = -h**2 - h + 121. Let y be m(0). Calculate the greatest common factor of 11 and y.
11
Suppose 4 = 3*t - 14. What is the highest common divisor of t and 18?
6
Let y = 310 + -178. Calculate the highest common divisor of y and 12.
12
Let q(r) = -r**3 - 3*r**2 - 3*r + 2. Let d be q(-3). What is the highest common factor of d and 11?
11
Suppose 0 = -5*o + 4*o + 8. Calculate the greatest common factor of 16 and o.
8
Let r be (-24)/(-15) + (-8)/(-20). What is the greatest common factor of r and 1?
1
Let x(m) = 2*m**2 + 2*m - 6. Let n be x(-4). What is the highest common divisor of 162 and n?
18
Suppose -29*d + 31*d = 24. What is the greatest common factor of 3 and d?
3
Suppose 4*b + 5*a = -132 + 376, -216 = -4*b + 2*a. Let k = -2 + -2. Let n be ((-12)/9)/(k/42). What is the greatest common divisor of b and n?
14
Suppose 7*p + 1140 = 12*p. Let i(b) = 14*b**2 + 4*b. Let h be i(3). Let a = p - h. Calculate the highest common divisor of 18 and a.
18
Let p be 982/(-4) - (-12)/24. Let y = -157 - p. Calculate the highest common divisor of 11 and y.
11
Let j(b) = 2*b - b + 14 + 0. Let g be j(-11). Let s(t) = t**2 + 6*t - 4. Let x be s(-7). What is the greatest common divisor of g and x?
3
Suppose a + a = 3*k + 20, 3*a - 28 = 4*k. Let g be (-55)/(4/(-8 + a)). Calculate the greatest common divisor of g and 5.
5
Let b(a) = 14*a - 10. Let x be b(11). What is the highest common factor of 36 and x?
36
Let o = -7 - -6. Let w be 16*o*1/(-2). Suppose 0 = -2*k + i + 11, 0 = -i + 4*i - 15. What is the greatest common factor of k and w?
8
Suppose 7*p - 3*p - 216 = 0. What is the highest common divisor of 36 and p?
18
Suppose y = -4*p + 37, 2*y = -5*p - 0*y + 44. What is the highest common factor of p and 20?
10
Suppose 3*x - 93 = -0*x - 3*w, 0 = 4*x + 3*w - 121. Calculate the greatest common factor of 56 and x.
28
Suppose -4*b + 0 - 4 = -2*t, 18 = -2*b + 5*t. Let z be b*-6*(-14)/4. What is the greatest common divisor of z and 21?
21
Let d(c) = 2*c**2 - 2. Let i be d(-2). Let o = -34 + 46. Calculate the highest common divisor of i and o.
6
Let w(v) = 2*v + 10. Let h be w(-7). Let o(j) = -j**2 - 2*j + 9. Let y be o(h). What is the greatest common factor of 8 and y?
1
Let n be (3/(-2))/((-27)/180). Let k be 214/n - 4/10. Calculate the highest common factor of 63 and k.
21
Suppose 5*l - 28 = 17. What is the highest common factor of 99 and l?
9
Let q be ((-92)/(-2) + -2)*1. Calculate the highest common factor of q and 4.
4
Let t(o) = -14*o + 78. Let d be t(-13). What is the greatest common divisor of 20 and d?
20
Let g = 6 - -54. Calculate the greatest common factor of 75 and g.
15
Let d = -7 + 11. Let y be (-225)/(-21) - d/(-14). Let s = y - 5. What is the greatest common factor of 2 and s?
2
Let k be (-2)/(-3) - 57/(-9). Suppose l - 4*i = 0, k*i - 3*i - 40 = -4*l. Suppose -4*g + 0*g + l = 0. Calculate the greatest common factor of 14 and g.
2
Let n(l) = -l + l + l + 5. Let a be n(0). Suppose -4*k + 33 = a*o, 0 = 4*k + 3*o - o - 30. What is the highest common factor of k and 21?
7
Suppose 5*l = 4*k - 42 - 13, 3*k - l = 44. Calculate the greatest common divisor of k and 150.
15
Let t = 17 + 1. Suppose -t - 33 = -3*d - a, -2*a - 85 = -5*d. Calculate the greatest common divisor of 119 and d.
17
Let l be (-3)/(9/12*-1). Suppose 4*p + 2*y - 10 = 0, 5*y - 3 - l = -4*p. Suppose 0*q = -p*q + 147. Calculate the greatest common divisor of q and 7.
7
Let d(h) = h**2 + h - 7. Let x be d(6). Let y = 11 - 6. Calculate the highest common divisor of y and x.
5
Suppose -3*m + 3*t + 132 = 0, -4*m + 0*t - t + 156 = 0. What is the highest common factor of m and 16?
8
Let t be 0 + -1 + 6 - 2. Suppose -t*v = v - 16. Suppose -17 = -g - v. What is the greatest common divisor of 91 and g?
13
Let z = -14 - -47. Let s = z - 16. What is the greatest common factor of s and 85?
17
Suppose 60 = 2*f + 16. Calculate the highest common divisor of f and 242.
22
Suppose 5*f = -5*r + 85, 2*r - f = r + 9. Calculate the greatest common factor of 13 and r.
13
Let j(w) = 12*w**2 + 3*w. Let z be 4 - (-2 - -3) - 5. Let m be j(z). Calculate the greatest common factor of m and 6.
6
Let c = -136 - -192. What is the highest common divisor of c and 7?
7
Let c = -9 + 9. Let v(t) = -t**3 + t**2 + 36. Let u be v(c). Calculate the highest common factor of u and 24.
12
Let n(i) = i + 13. Let l be n(-10). Suppose -l*p = -4*u - 0*p + 72, 2*p = -8. Calculate the greatest common factor of u and 10.
5
Let b(n) = 6*n + 2. Let i be b(2). Let s = i - 9. Suppose s*x = -t + 16, -5*x + 60 = t + 4*t. What is the highest common divisor of 99 and t?
11
Suppose -4*v + 30 = -2*a, 4*a - 10 = -4*v + 5*v. Calculate the highest common factor of v and 4.
2
Let v be (-277)/5 + (-4)/(-10). Let y = v + 91. What is the greatest common factor of y and 4?
4
Suppose 0 = -4*i + 6*s - 2*s + 112, 0 = 2*i + 5*s - 28. Let q = i - 8. What is the highest common factor of q and 32?
16
Suppose -2*z - 10 = -m, 4*m + 2*z - 20 = -0*m. Suppose 2*v = m*v - 144. Let g be 2/5*(-30)/(-3). Calculate the highest common divisor of v and g.
4
Let b(k) = -23*k + 2. Let j be b(-6). What is the greatest common factor of 14 and j?
14
Let s = -3 + 5. Let k be 10/2 - s/2. Calculate the greatest common divisor of 8 and k.
4
Suppose -2*p + 124 = 5*w, 4*w + 244 = -0*p + 5*p. Calculate the highest common divisor of p and 26.
26
Suppose 0 = -3*a - 4*v + 74, 7*v - 25 = 2*v. Calculate the greatest common divisor of a and 27.
9
Let q be ((-4)/(-6))/((-2)/(-108)*4). What is the highest common divisor of q and 63?
9
Suppose -5*d - 2*q + 52 = -d, 4*d - 56 = -3*q. Let y = -50 - -149. Calculate the highest common divisor of y and d.
11
Let g(h) = h**2 + 2*h + 2. S